{"id":49,"date":"2025-08-11T00:55:08","date_gmt":"2025-08-10T22:55:08","guid":{"rendered":"https:\/\/vs-horlogerie.fr\/?page_id=49"},"modified":"2025-08-12T22:04:32","modified_gmt":"2025-08-12T20:04:32","slug":"info","status":"publish","type":"page","link":"https:\/\/vs-horlogerie.fr\/?page_id=49","title":{"rendered":"Info"},"content":{"rendered":"\n<h2 class=\"wp-block-heading has-text-align-center\"><strong>D\u00e9couvrez l&rsquo;univers de l&rsquo;Horlogerie <\/strong><\/h2>\n\n\n\n<div class=\"wp-block-columns is-layout-flex wp-container-core-columns-is-layout-28f84493 wp-block-columns-is-layout-flex\">\n<div class=\"wp-block-column is-layout-flow wp-block-column-is-layout-flow\" style=\"flex-basis:100%\">\n<div class=\"wp-block-group alignfull is-content-justification-center\" style=\"margin-top:0;margin-bottom:0\"><div class=\"wp-block-group__inner-container is-layout-constrained wp-block-group-is-layout-constrained\">\n<div style=\"height:var(--wp--preset--spacing--20)\" aria-hidden=\"true\" class=\"wp-block-spacer\"><\/div>\n\n\n\n<div class=\"wp-block-group\"><div class=\"wp-block-group__inner-container is-layout-flow wp-block-group-is-layout-flow\">\n<div style=\"height:var(--wp--preset--spacing--20)\" aria-hidden=\"true\" class=\"wp-block-spacer\"><\/div>\n\n\n\n<p class=\"has-text-align-center\"><strong>Explorez le monde merveilleux d&rsquo;Hecatone, un monde remplie de myst\u00e8re, d&rsquo;aventure et de tr\u00e9sors qui n&rsquo;attendent que vous !<\/strong><\/p>\n\n\n\n<div class=\"wp-block-buttons is-content-justification-center is-layout-flex wp-container-core-buttons-is-layout-a89b3969 wp-block-buttons-is-layout-flex\">\n<div class=\"wp-block-button\"><a class=\"wp-block-button__link wp-element-button\" href=\"https:\/\/vs-horlogerie.fr\/?page_id=63\">Allons y !<\/a><\/div>\n<\/div>\n\n\n<div class=\"wp-block-image\">\n<figure class=\"aligncenter size-full is-resized\"><img loading=\"lazy\" decoding=\"async\" width=\"1920\" height=\"1080\" src=\"https:\/\/vs-horlogerie.fr\/wp-content\/uploads\/2025\/08\/9q7hYk.png\" alt=\"\" class=\"wp-image-68\" style=\"aspect-ratio:1.7777777777777777;object-fit:cover;width:840px;height:auto\" srcset=\"https:\/\/vs-horlogerie.fr\/wp-content\/uploads\/2025\/08\/9q7hYk.png 1920w, https:\/\/vs-horlogerie.fr\/wp-content\/uploads\/2025\/08\/9q7hYk-300x169.png 300w, https:\/\/vs-horlogerie.fr\/wp-content\/uploads\/2025\/08\/9q7hYk-1024x576.png 1024w, https:\/\/vs-horlogerie.fr\/wp-content\/uploads\/2025\/08\/9q7hYk-768x432.png 768w, https:\/\/vs-horlogerie.fr\/wp-content\/uploads\/2025\/08\/9q7hYk-1536x864.png 1536w\" sizes=\"auto, (max-width: 1920px) 100vw, 1920px\" \/><\/figure>\n<\/div><\/div><\/div>\n\n\n\n<div style=\"height:var(--wp--preset--spacing--20)\" aria-hidden=\"true\" class=\"wp-block-spacer\"><\/div>\n<\/div><\/div>\n<\/div>\n<\/div>\n\n\n\n<div class=\"wp-block-group alignwide has-background\" style=\"background-color:#f5eac1;padding-top:6vw;padding-right:6vw;padding-bottom:6vw;padding-left:6vw\"><div class=\"wp-block-group__inner-container is-layout-flow wp-block-group-is-layout-flow\">\n<h2 class=\"wp-block-heading has-text-align-center\"><strong>Liste des mods du serveur<\/strong><\/h2>\n\n\n\n<div class=\"wp-block-group alignwide is-vertical is-content-justification-center is-nowrap is-layout-flex wp-container-core-group-is-layout-4dc36504 wp-block-group-is-layout-flex\" style=\"padding-top:0;padding-right:0;padding-bottom:0;padding-left:0\">\n<div id=\"wp-block-themeisle-blocks-advanced-columns-df3a344a\" class=\"wp-block-themeisle-blocks-advanced-columns has-1-columns has-desktop-equal-layout has-tablet-equal-layout has-mobile-collapsedRows-layout has-vertical-unset\"><div class=\"wp-block-themeisle-blocks-advanced-columns-overlay\"><\/div><div class=\"innerblocks-wrap\">\n<div id=\"wp-block-themeisle-blocks-advanced-column-8e41348c\" class=\"wp-block-themeisle-blocks-advanced-column\">\n<ul class=\"wp-block-list\">\n<li><strong>Alchemy<\/strong><\/li>\n\n\n\n<li><strong>Better Ruins<\/strong><\/li>\n\n\n\n<li><strong>Better Traders<\/strong><\/li>\n\n\n\n<li><strong>Banner<\/strong><\/li>\n\n\n\n<li><strong>Blacksmith name<\/strong><\/li>\n\n\n\n<li><strong>Carry On<\/strong><\/li>\n\n\n\n<li><strong>Can Jewelry<\/strong><\/li>\n\n\n\n<li><strong>Combat Overhaul &amp; co<\/strong><\/li>\n\n\n\n<li><strong>Culinary Artillery<\/strong><\/li>\n\n\n\n<li><strong>Coinage<\/strong><\/li>\n\n\n\n<li><strong>Exented food<\/strong><\/li>\n\n\n\n<li><strong>Firearms<\/strong><\/li>\n\n\n\n<li><strong>From golden Combs<\/strong><\/li>\n\n\n\n<li><strong>Geology Additions<\/strong><\/li>\n\n\n\n<li><strong>Hydrate<\/strong><\/li>\n\n\n\n<li><strong>Land Claiming and group GUI<\/strong><\/li>\n\n\n\n<li><strong>Lavoisier<\/strong><\/li>\n\n\n\n<li><strong>Milwright<\/strong><\/li>\n\n\n\n<li><strong>Primitive Survival<\/strong><\/li>\n\n\n\n<li><strong>Purposeful storage <\/strong><\/li>\n\n\n\n<li><strong>QP Chisel<\/strong><\/li>\n\n\n\n<li><strong>RPVoice Chat<\/strong><\/li>\n\n\n\n<li><strong>Tailor Daylight<\/strong><\/li>\n\n\n\n<li><strong>Translocator Engineering<\/strong><\/li>\n\n\n\n<li><strong>Thievery<\/strong><\/li>\n\n\n\n<li><strong>Vinconomy<\/strong><\/li>\n\n\n\n<li><strong>Wild Farming<\/strong><\/li>\n\n\n\n<li><strong>XSkills<\/strong><\/li>\n<\/ul>\n<\/div>\n<\/div><\/div>\n<\/div>\n<\/div><\/div>\n","protected":false},"excerpt":{"rendered":"<p>D\u00e9couvrez l&rsquo;univers de l&rsquo;Horlogerie Explorez le monde merveilleux d&rsquo;Hecatone, un monde remplie de myst\u00e8re, d&rsquo;aventure et de tr\u00e9sors qui n&rsquo;attendent que vous ! Liste des mods du serveur<\/p>\n","protected":false},"author":1,"featured_media":0,"parent":0,"menu_order":0,"comment_status":"closed","ping_status":"closed","template":"","meta":{"_themeisle_gutenberg_block_has_review":false,"footnotes":""},"class_list":["post-49","page","type-page","status-publish","hentry"],"yoast_head":"<!-- This site is optimized with the Yoast SEO plugin v27.2 - https:\/\/yoast.com\/product\/yoast-seo-wordpress\/ -->\n<title>Info - L&#039;Horlogerie<\/title>\n<meta name=\"robots\" content=\"noindex, follow, max-snippet:-1, max-image-preview:large, max-video-preview:-1\" \/>\n<meta property=\"og:locale\" content=\"fr_FR\" \/>\n<meta property=\"og:type\" content=\"article\" \/>\n<meta property=\"og:title\" content=\"Info - L&#039;Horlogerie\" \/>\n<meta property=\"og:description\" content=\"D\u00e9couvrez l&rsquo;univers de l&rsquo;Horlogerie Explorez le monde merveilleux d&rsquo;Hecatone, un monde remplie de myst\u00e8re, d&rsquo;aventure et de tr\u00e9sors qui n&rsquo;attendent que vous ! Liste des mods du serveur\" \/>\n<meta property=\"og:url\" content=\"https:\/\/vs-horlogerie.fr\/?page_id=49\" \/>\n<meta property=\"og:site_name\" content=\"L&#039;Horlogerie\" \/>\n<meta property=\"article:modified_time\" content=\"2025-08-12T20:04:32+00:00\" \/>\n<meta property=\"og:image\" content=\"https:\/\/vs-horlogerie.fr\/wp-content\/uploads\/2025\/08\/9q7hYk.png\" \/>\n\t<meta property=\"og:image:width\" content=\"1920\" \/>\n\t<meta property=\"og:image:height\" content=\"1080\" \/>\n\t<meta property=\"og:image:type\" content=\"image\/png\" \/>\n<meta name=\"twitter:card\" content=\"summary_large_image\" \/>\n<meta name=\"twitter:label1\" content=\"Dur\u00e9e de lecture estim\u00e9e\" \/>\n\t<meta name=\"twitter:data1\" content=\"1 minute\" \/>\n<script type=\"application\/ld+json\" class=\"yoast-schema-graph\">{\"@context\":\"https:\/\/schema.org\",\"@graph\":[{\"@type\":\"WebPage\",\"@id\":\"https:\/\/vs-horlogerie.fr\/?page_id=49\",\"url\":\"https:\/\/vs-horlogerie.fr\/?page_id=49\",\"name\":\"Info - L&#039;Horlogerie\",\"isPartOf\":{\"@id\":\"https:\/\/vs-horlogerie.fr\/#website\"},\"primaryImageOfPage\":{\"@id\":\"https:\/\/vs-horlogerie.fr\/?page_id=49#primaryimage\"},\"image\":{\"@id\":\"https:\/\/vs-horlogerie.fr\/?page_id=49#primaryimage\"},\"thumbnailUrl\":\"https:\/\/vs-horlogerie.fr\/wp-content\/uploads\/2025\/08\/9q7hYk.png\",\"datePublished\":\"2025-08-10T22:55:08+00:00\",\"dateModified\":\"2025-08-12T20:04:32+00:00\",\"breadcrumb\":{\"@id\":\"https:\/\/vs-horlogerie.fr\/?page_id=49#breadcrumb\"},\"inLanguage\":\"fr-FR\",\"potentialAction\":[{\"@type\":\"ReadAction\",\"target\":[\"https:\/\/vs-horlogerie.fr\/?page_id=49\"]}]},{\"@type\":\"ImageObject\",\"inLanguage\":\"fr-FR\",\"@id\":\"https:\/\/vs-horlogerie.fr\/?page_id=49#primaryimage\",\"url\":\"https:\/\/vs-horlogerie.fr\/wp-content\/uploads\/2025\/08\/9q7hYk.png\",\"contentUrl\":\"https:\/\/vs-horlogerie.fr\/wp-content\/uploads\/2025\/08\/9q7hYk.png\",\"width\":1920,\"height\":1080},{\"@type\":\"BreadcrumbList\",\"@id\":\"https:\/\/vs-horlogerie.fr\/?page_id=49#breadcrumb\",\"itemListElement\":[{\"@type\":\"ListItem\",\"position\":1,\"name\":\"Accueil\",\"item\":\"https:\/\/vs-horlogerie.fr\/\"},{\"@type\":\"ListItem\",\"position\":2,\"name\":\"Info\"}]},{\"@type\":\"WebSite\",\"@id\":\"https:\/\/vs-horlogerie.fr\/#website\",\"url\":\"https:\/\/vs-horlogerie.fr\/\",\"name\":\"L&#039;Horlogerie\",\"description\":\"\",\"publisher\":{\"@id\":\"https:\/\/vs-horlogerie.fr\/#organization\"},\"potentialAction\":[{\"@type\":\"SearchAction\",\"target\":{\"@type\":\"EntryPoint\",\"urlTemplate\":\"https:\/\/vs-horlogerie.fr\/?s={search_term_string}\"},\"query-input\":{\"@type\":\"PropertyValueSpecification\",\"valueRequired\":true,\"valueName\":\"search_term_string\"}}],\"inLanguage\":\"fr-FR\"},{\"@type\":\"Organization\",\"@id\":\"https:\/\/vs-horlogerie.fr\/#organization\",\"name\":\"L&#039;Horlogerie\",\"url\":\"https:\/\/vs-horlogerie.fr\/\",\"logo\":{\"@type\":\"ImageObject\",\"inLanguage\":\"fr-FR\",\"@id\":\"https:\/\/vs-horlogerie.fr\/#\/schema\/logo\/image\/\",\"url\":\"https:\/\/vs-horlogerie.fr\/wp-content\/uploads\/2025\/08\/cropped-Badge_14_01.png\",\"contentUrl\":\"https:\/\/vs-horlogerie.fr\/wp-content\/uploads\/2025\/08\/cropped-Badge_14_01.png\",\"width\":512,\"height\":512,\"caption\":\"L&#039;Horlogerie\"},\"image\":{\"@id\":\"https:\/\/vs-horlogerie.fr\/#\/schema\/logo\/image\/\"}}]}<\/script>\n<!-- \/ Yoast SEO plugin. -->","yoast_head_json":{"title":"Info - L&#039;Horlogerie","robots":{"index":"noindex","follow":"follow","max-snippet":"max-snippet:-1","max-image-preview":"max-image-preview:large","max-video-preview":"max-video-preview:-1"},"og_locale":"fr_FR","og_type":"article","og_title":"Info - L&#039;Horlogerie","og_description":"D\u00e9couvrez l&rsquo;univers de l&rsquo;Horlogerie Explorez le monde merveilleux d&rsquo;Hecatone, un monde remplie de myst\u00e8re, d&rsquo;aventure et de tr\u00e9sors qui n&rsquo;attendent que vous ! Liste des mods du serveur","og_url":"https:\/\/vs-horlogerie.fr\/?page_id=49","og_site_name":"L&#039;Horlogerie","article_modified_time":"2025-08-12T20:04:32+00:00","og_image":[{"width":1920,"height":1080,"url":"https:\/\/vs-horlogerie.fr\/wp-content\/uploads\/2025\/08\/9q7hYk.png","type":"image\/png"}],"twitter_card":"summary_large_image","twitter_misc":{"Dur\u00e9e de lecture estim\u00e9e":"1 minute"},"schema":{"@context":"https:\/\/schema.org","@graph":[{"@type":"WebPage","@id":"https:\/\/vs-horlogerie.fr\/?page_id=49","url":"https:\/\/vs-horlogerie.fr\/?page_id=49","name":"Info - L&#039;Horlogerie","isPartOf":{"@id":"https:\/\/vs-horlogerie.fr\/#website"},"primaryImageOfPage":{"@id":"https:\/\/vs-horlogerie.fr\/?page_id=49#primaryimage"},"image":{"@id":"https:\/\/vs-horlogerie.fr\/?page_id=49#primaryimage"},"thumbnailUrl":"https:\/\/vs-horlogerie.fr\/wp-content\/uploads\/2025\/08\/9q7hYk.png","datePublished":"2025-08-10T22:55:08+00:00","dateModified":"2025-08-12T20:04:32+00:00","breadcrumb":{"@id":"https:\/\/vs-horlogerie.fr\/?page_id=49#breadcrumb"},"inLanguage":"fr-FR","potentialAction":[{"@type":"ReadAction","target":["https:\/\/vs-horlogerie.fr\/?page_id=49"]}]},{"@type":"ImageObject","inLanguage":"fr-FR","@id":"https:\/\/vs-horlogerie.fr\/?page_id=49#primaryimage","url":"https:\/\/vs-horlogerie.fr\/wp-content\/uploads\/2025\/08\/9q7hYk.png","contentUrl":"https:\/\/vs-horlogerie.fr\/wp-content\/uploads\/2025\/08\/9q7hYk.png","width":1920,"height":1080},{"@type":"BreadcrumbList","@id":"https:\/\/vs-horlogerie.fr\/?page_id=49#breadcrumb","itemListElement":[{"@type":"ListItem","position":1,"name":"Accueil","item":"https:\/\/vs-horlogerie.fr\/"},{"@type":"ListItem","position":2,"name":"Info"}]},{"@type":"WebSite","@id":"https:\/\/vs-horlogerie.fr\/#website","url":"https:\/\/vs-horlogerie.fr\/","name":"L&#039;Horlogerie","description":"","publisher":{"@id":"https:\/\/vs-horlogerie.fr\/#organization"},"potentialAction":[{"@type":"SearchAction","target":{"@type":"EntryPoint","urlTemplate":"https:\/\/vs-horlogerie.fr\/?s={search_term_string}"},"query-input":{"@type":"PropertyValueSpecification","valueRequired":true,"valueName":"search_term_string"}}],"inLanguage":"fr-FR"},{"@type":"Organization","@id":"https:\/\/vs-horlogerie.fr\/#organization","name":"L&#039;Horlogerie","url":"https:\/\/vs-horlogerie.fr\/","logo":{"@type":"ImageObject","inLanguage":"fr-FR","@id":"https:\/\/vs-horlogerie.fr\/#\/schema\/logo\/image\/","url":"https:\/\/vs-horlogerie.fr\/wp-content\/uploads\/2025\/08\/cropped-Badge_14_01.png","contentUrl":"https:\/\/vs-horlogerie.fr\/wp-content\/uploads\/2025\/08\/cropped-Badge_14_01.png","width":512,"height":512,"caption":"L&#039;Horlogerie"},"image":{"@id":"https:\/\/vs-horlogerie.fr\/#\/schema\/logo\/image\/"}}]}},"jetpack_sharing_enabled":true,"_links":{"self":[{"href":"https:\/\/vs-horlogerie.fr\/index.php?rest_route=\/wp\/v2\/pages\/49","targetHints":{"allow":["GET"]}}],"collection":[{"href":"https:\/\/vs-horlogerie.fr\/index.php?rest_route=\/wp\/v2\/pages"}],"about":[{"href":"https:\/\/vs-horlogerie.fr\/index.php?rest_route=\/wp\/v2\/types\/page"}],"author":[{"embeddable":true,"href":"https:\/\/vs-horlogerie.fr\/index.php?rest_route=\/wp\/v2\/users\/1"}],"replies":[{"embeddable":true,"href":"https:\/\/vs-horlogerie.fr\/index.php?rest_route=%2Fwp%2Fv2%2Fcomments&post=49"}],"version-history":[{"count":13,"href":"https:\/\/vs-horlogerie.fr\/index.php?rest_route=\/wp\/v2\/pages\/49\/revisions"}],"predecessor-version":[{"id":91,"href":"https:\/\/vs-horlogerie.fr\/index.php?rest_route=\/wp\/v2\/pages\/49\/revisions\/91"}],"wp:attachment":[{"href":"https:\/\/vs-horlogerie.fr\/index.php?rest_route=%2Fwp%2Fv2%2Fmedia&parent=49"}],"curies":[{"name":"wp","href":"https:\/\/api.w.org\/{rel}","templated":true}]}}